et x(v) = p(v) + 6*t(v). Let b = 1 - 2. Is x(b) a composite number?
False
Let z(f) = 13*f + 7*f - 8*f - 13. Is z(13) a prime number?
False
Is 3*471/6*(1 - -1) a composite number?
True
Suppose 0 = -5*j - 5*n, 0 = -3*n - 12 - 3. Let k be 1/4 - 2/8. Suppose -2*w - j*g + 67 = k, g + 25 = 6*g. Is w composite?
True
Let c(d) = 3*d + 6. Let r be c(-4). Is (158/r)/((-3)/9) a composite number?
False
Suppose 3*g - 2370 = -87. Is g prime?
True
Let l(j) = -j + 18. Is l(-13) a composite number?
False
Let s = 14 + -12. Suppose -1812 + 50 = -4*v - 5*o, -v + 447 = -s*o. Is v a composite number?
False
Is ((-26)/(-91))/((-2)/(-7)) + 253 a prime number?
False
Let s(x) be the third derivative of x**4/3 - x**3/2 - 3*x**2. Let k(z) = -25*z + 10. Let w(c) = -4*k(c) - 11*s(c). Is w(7) prime?
False
Let k be 3 + 2 + 40/2. Suppose -4*t = -3*t - k. Suppose -r + 28 = -t. Is r composite?
False
Suppose 2*b - 53 = -5*o, -2*o = 3*b + o - 57. Is 3 + (2 - b/(-1)) a composite number?
False
Let m = -11 + 17. Suppose 345 = m*y - 3*y. Is y prime?
False
Let g = 1 - -1. Suppose n - 4*v = -13, -n + g*n + 9 = 3*v. Suppose 38 = -x + n*x. Is x prime?
True
Let x(u) be the third derivative of u**6/120 + u**5/60 + 5*u**3/6 + u**2. Let v be x(0). Let t = 12 - v. Is t a composite number?
False
Let r = -2729 + 3990. Is r a prime number?
False
Let s(r) = -13*r**3 + r**2 - r + 1. Let m(p) = -p**3 + 5*p**2 - 2. Let x be m(5). Is s(x) a composite number?
True
Suppose 0 = -2*k - 5*u + 2, -k - 3*k + 4*u - 24 = 0. Is 1 - (k/(-2) + -10) a prime number?
False
Suppose -218 = -g + 201. Is g composite?
False
Suppose -36 = -0*q - 9*q. Is q composite?
True
Let m = 172 - 15. Is m prime?
True
Let x be (-6)/(-9) - 2/3. Suppose x = 3*v + 2*v. Suppose -2*a + 6*a - 124 = v. Is a a prime number?
True
Let b be 2/(-8) + (-26)/(-8). Suppose 0 = -z - 1 + b. Suppose -175 = -7*o + z*o. Is o prime?
False
Suppose -5*a + 45 = -15. Is a/(-66) - (-365)/11 composite?
True
Suppose -g + 0*g = 5*k + 53, 3*k + 2*g + 36 = 0. Is 110/(-3)*15/k prime?
False
Suppose 4 + 16 = 4*o. Suppose 28 = 2*p - 0*j - o*j, j = 0. Is p composite?
True
Let m = 68 + -46. Is m composite?
True
Let z be (-4 + 2)*6/4. Is z + (71 + -2 - 1) prime?
False
Let f(n) = n**3 - n**2 + 4*n - 677. Let p(x) = x**3 - x**2 + 5*x - 677. Let s(k) = -6*f(k) + 5*p(k). Is s(0) composite?
False
Let d(j) = 6*j**2 - 2*j**3 + j**3 + 10*j - 3*j + 7. Is d(6) a composite number?
True
Suppose 2*r - 18726 = -3*j + 7*r, -4*j - 3*r + 24997 = 0. Is j composite?
False
Suppose 0*o = 3*o - 1686. Let g(r) = r - 5. Let c be g(5). Suppose 5*v = -2*l + 397 - 129, 4*l - 3*v - o = c. Is l a composite number?
False
Let u(d) = -d**3 - 10*d**2 + d + 5. Let w be u(-11). Suppose 3*x - w - 362 = 0. Is x a composite number?
True
Let k = 1 - -1. Suppose -4 = -k*r + r. Suppose -p + r = -10. Is p prime?
False
Let y(h) = -h - 4. Suppose -106 = 5*m + v, -5*m - 2*v - 103 = -4*v. Let f be (m/(-9))/(2/(-6)). Is y(f) a composite number?
False
Let h(u) = 26*u - 1. Let c be h(7). Let j = c + -70. Is j a prime number?
False
Is (6 + -3)*(-1163)/(-3) a prime number?
True
Let t(u) = -u**2 - 4*u + 2. Let m(v) be the first derivative of -v**3/3 - 5*v**2/2 + v - 2. Let k(j) = 5*m(j) - 6*t(j). Is k(7) composite?
True
Let q = 48 + -27. Is q - 2*2/(-4) prime?
False
Let s(g) = -g**3 + g**2 + g + 7. Suppose t = 4*b - t, -t = -4. Let r be (-4)/(-1*b) + -2. Is s(r) a composite number?
False
Suppose l - p = -0*l + 675, 4*l = 3*p + 2698. Is l a composite number?
False
Let f(o) = -26*o + 2. Let m be f(-4). Let r be (1 - 2)/((-1)/m). Is (-1)/6*r*-3 composite?
False
Suppose 6*h - 62 = -s + h, 4*s - 338 = -2*h. Is s prime?
False
Suppose 36 = -2*d + 4*d. Is d/(-12)*(-678)/9 composite?
False
Let i be 2 + (-1 - -3) + 33/(-1). Suppose -r + 4*r = 192. Let z = i + r. Is z composite?
True
Let c = -294 + 835. Is c a prime number?
True
Let j(f) = f. Let c be j(0). Let z(h) = -h**3 - h**2 + h + 557. Is z(c) a composite number?
False
Let m = 13 - 22. Let y(q) = -5*q - 12. Is y(m) a composite number?
True
Let c = 89 + 14. Let n = 266 - c. Is n a composite number?
False
Suppose 3*c = -2*c + 185. Suppose 4*l = -c + 161. Is l a prime number?
True
Suppose 2 = p - 1, 0 = 4*t - 2*p - 38. Is (1 + 253)/(t + -9) prime?
True
Let j(o) = -4*o + 7. Let m be j(7). Let a be (-22)/2*m/3. Let g = a + -44. Is g composite?
True
Suppose 0*h + 2*h - 8 = 0. Suppose -3 = -h*q + 9. Is 89 + q/(-6)*-4 a prime number?
False
Suppose r + 2*c + 31 = 0, -2*c = c + 15. Is (-1 - 0)/(3/r) a prime number?
True
Suppose 0 = 2*j + 3*j. Suppose 5*o + 3*y + 12 = 168, j = -5*y - 15. Suppose -h = 4*l - o, h + 3*h + 3*l = 197. Is h composite?
False
Let s = -1153 + 1686. Let u = s - 30. Is u a prime number?
True
Let j = 444 - 113. Is j a composite number?
False
Is (11 + -9)*(-222)/(-4) composite?
True
Let v(o) = o**3 + 2. Let g be v(0). Let x be (-1)/(39/(-12) + (-6)/(-2)). Suppose -x = -2*f + g. Is f prime?
True
Let h = 455 + -210. Let y = h + -151. Is y a prime number?
False
Suppose -5*d = -4*d - 5. Suppose 3*h + 44 = d*h. Is h a composite number?
True
Suppose -6*n = -5*n - 4. Suppose 27 = d + 5*x, 0 = 4*d - 7*d + n*x + 5. Is d a composite number?
False
Let i = -82 + 149. Is i composite?
False
Suppose -2*a - a = -3699. Suppose -14*d = -11*d - a. Is d composite?
True
Let p = 1106 - 549. Is p a composite number?
False
Is (4 - 40/12)/((-2)/(-4863)) a prime number?
True
Is (2 + -1)/(6/222) a composite number?
False
Let y be (6/(-9))/1*-6. Is 38 - y/((-8)/(-6)) composite?
True
Is -908*(9/3 + -4) - 1 a prime number?
True
Let t(a) = 195*a**2 + a + 7. Is t(-2) a composite number?
True
Suppose -5*b + 121 = -19. Let j(y) = y - 1. Let p be j(4). Is (-3)/(p + -4) + b a composite number?
False
Let m(u) = -24*u**3 + 4*u**2 + 1. Let q be m(-3). Suppose -h = 4*s - 212 - q, -s + 2*h + 213 = 0. Is s composite?
False
Let o(i) = i**3 + 8*i**2 + 6*i + 2. Let v(z) = -5*z + 2. Let g be v(-7). Suppose 3*h + 8 = -4*q, -3*q + 14 = -2*h + g. Is o(q) prime?
True
Suppose 3*i - 32 = -5*b, 0 = -b + 3*b + 3*i - 11. Suppose b*n = 2*n + 35. Suppose 268 = n*g - 3*g. Is g a composite number?
False
Let a(k) = 6*k**2 + k + 7. Is a(-3) a prime number?
False
Suppose 3*b - 7*b = -516. Is b a prime number?
False
Let f = -45 - -80. Suppose 0 = h - 6*h - f. Let u = h + 17. Is u prime?
False
Let j(x) = 8*x**2 - x + 2. Is j(-3) a composite number?
True
Let s(v) = -94*v + 16. Is s(-7) prime?
False
Let m(k) = 158*k - 5. Let g be m(-4). Let h = -424 - g. Is h prime?
False
Let k(i) = -15*i. Let t be (0 - (-1)/(-4))*-4. Let x = -2 + t. Is k(x) a prime number?
False
Suppose -13*a + 8*a + 40735 = 0. Is a a composite number?
False
Let n be (-19)/(-3) - (-2)/3. Suppose 4*p = -2*m - n + 223, -4*p = -3*m - 226. Is p a prime number?
False
Let v = -3 + 11. Suppose 3*s = -v - 7, -3*u - 2*s = -173. Suppose -3*h + 117 = 4*x, 4*h - 2*h - u = 3*x. Is h a composite number?
True
Let n be 24/18*(-9)/(-4). Suppose -5*a = x - n*x - 2353, 5*a + 5*x = 2325. Is a a prime number?
False
Suppose 5*k - 14 = -z, k + 3*k - 12 = -z. Suppose r - k*r = 5*i - 102, -3*i + 100 = r. Is r composite?
False
Let f = 66 + -42. Let x = -11 + f. Is x a prime number?
True
Suppose -4*w - 2*d + 12 = 0, -w - 6 = -3*d - 2. Let i be (1 + 1)*157/w. Suppose 2*g - 39 = -p - 2*g, 5*p = -g + i. Is p prime?
True
Suppose 28 = 4*v + 8. Suppose u - v*u = 0. Suppose 2*x + 5*s = 4*x - 54, 5*x + s - 108 = u. Is x prime?
False
Suppose 2*n - c = 423, 0 = -2*c - 6 - 4. Is n prime?
False
Suppose 2*w - 10 = -0*w. Let t = 2 + 1. Suppose -21 = -w*f - t*y, y = f + 2*y - 5. Is f prime?
True
Let i(t) be the first derivative of 58*t**3/3 - t**2/2 - t - 2. Let m(v) be the first derivative of i(v). Is m(1) a composite number?
True
Is (1 + -4)*3538/(-6) prime?
False
Suppose 3*x - 3882 = -3*x. Is x a composite number?
False
Suppose 5*u - 202 + 12 = 0. Suppose -4*m + 8 = 0, -34 = 4*z + 2*m + 70. Let n = z + u. Is n prime?
True
Let s(k) = 4*k**2 + 13. Is s(6) composite?
False
Let g(t) = t - 6. Let f be g(5). Is (-1)/(2/(-104)) - f prime?
True
Let s(y) = y + 7. Let t be s(-5). Let b(u) = -t*u**2 + 5*u**3 - u**3 + 2 + 0*u**3. Is b(2) a prime number?
False
Is (0 - -4)*1490/40 composite?
False
Is (-116 - 0)*68/32*-2 prime?
False
Let v = 62 + 189. Is v composite?
False
Let d(w) = 5*w**3 - w**2 + 9*w + 6. Is d(